4) to base 13
11
What is 4 (base 8) in base 10?
4
Convert 2 (base 8) to base 12.
2
Convert -10222 (base 4) to base 2.
-100101010
-4 (base 5) to base 6
-4
What is 2 (base 9) in base 13?
2
Convert 4 (base 15) to base 13.
4
Convert -5 (base 7) to base 12.
-5
Convert -3 (base 5) to base 14.
-3
Convert -11 (base 15) to base 13.
-13
Convert 1 (base 2) to base 8.
1
What is 1 (base 14) in base 6?
1
1 (base 9) to base 11
1
-1 (base 4) to base 7
-1
Convert 6 (base 16) to base 8.
6
Convert -13 (base 4) to base 16.
-7
Convert 2 (base 11) to base 4.
2
Convert 23 (base 8) to base 15.
14
20 (base 6) to base 11
11
What is -63 (base 11) in base 2?
-1000101
What is 2 (base 15) in base 7?
2
What is 5 (base 11) in base 16?
5
3 (base 14) to base 2
11
Convert -38 (base 14) to base 6.
-122
Convert 10 (base 3) to base 16.
3
What is -c8 (base 15) in base 2?
-10111100
-1100001 (base 2) to base 15
-67
-100 (base 2) to base 11
-4
Convert -6 (base 13) to base 15.
-6
What is -1312 (base 4) in base 14?
-86
What is -22 (base 10) in base 16?
-16
Convert -29 (base 11) to base 8.
-37
Convert 2 (base 4) to base 13.
2
32 (base 13) to base 6
105
What is 3 (base 15) in base 9?
3
Convert 0 (base 3) to base 16.
0
Convert -3 (base 4) to base 5.
-3
What is -4 (base 5) in base 7?
-4
What is 20200 (base 3) in base 4?
2310
What is -24 (base 11) in base 16?
-1a
What is -9 (base 15) in base 13?
-9
-1212 (base 3) to base 2
-110010
Convert 10 (base 10) to base 16.
a
What is -3 (base 14) in base 13?
-3
Convert 102 (base 10) to base 11.
93
0 (base 15) to base 10
0
Convert -34 (base 8) to base 7.
-40
Convert -14 (base 10) to base 8.
-16
Convert -4 (base 11) to base 3.
-11
Convert -4 (base 8) to base 14.
-4
What is 100 (base 5) in base 10?
25
-322 (base 6) to base 8
-172
What is 3 (base 12) in base 10?
3
Convert -125 (base 6) to base 15.
-38
Convert -16 (base 15) to base 4.
-111
Convert -9 (base 12) to base 10.
-9
1122 (base 4) to base 15
60
What is -167 (base 13) in base 7?
-512
What is -37 (base 8) in base 3?
-1011
What is 1 (base 2) in base 15?
1
Convert 0 (base 9) to base 16.
0
33 (base 4) to base 9
16
Convert 2 (base 7) to base 6.
2
Convert 10111 (base 2) to base 13.
1a
Convert 1c (base 13) to base 3.
221
What is -260 (base 10) in base 16?
-104
Convert -5 (base 15) to base 12.
-5
150 (base 7) to base 15
59
Convert 52 (base 10) to base 6.
124
64 (base 15) to base 9
114
4 (base 8) to base 13
4
Convert 8 (base 14) to base 11.
8
Convert -7 (base 16) to base 7.
-10
Convert 303 (base 4) to base 7.
102
2 (base 3) to base 9
2
Convert -13 (base 10) to base 6.
-21
What is -1 (base 5) in base 12?
-1
-2 (base 16) to base 11
-2
45 (base 11) to base 14
37
What is 11 (base 16) in base 8?
21
What is -1 (base 13) in base 10?
-1
176 (base 14) to base 16
12c
Convert -4 (base 5) to base 9.
-4
-1 (base 3) to base 5
-1
What is 2234 (base 5) in base 14?
18b
Convert 2 (base 4) to base 7.
2
What is -1 (base 16) in base 5?
-1
-100 (base 3) to base 8
-11
What is 13 (base 7) in base 3?
101
What is -11 (base 4) in base 16?
-5
Convert 24 (base 15) to base 13.
28
4b (base 14) to base 13
52
3 (base 6) to base 2
11
What is 5 (base 9) in base 6?
5
Convert 2 (base 3) to base 12.
2
5 (base 14) to base 16
5
Convert -11 (base 2) to base 12.
-3
Convert 5 (base 12) to base 13.
5
Convert -12 (base 13) to base 4.
-33
-223 (base 4) to base 5
-133
What is 1 (base 3) in base 13?
1
What is 82 (base 10) in base 5?
312
Convert 53 (base 8) to base 4.
223
Convert 72 (base 12) to base 5.
321
Convert -250 (base 8) to base 13.
-cc
-12 (base 9) to base 6
-15
Convert 9 (base 15) to base 4.
21
Convert 225 (base 8) to base 7.
302
Convert 3 (base 6) to base 7.
3
What is 3 (base 8) in base 13?
3
13 (base 5) to base 13
8
What is -1001 (base 2) in base 15?
-9
What is 31 (base 15) in base 13?
37
-11112 (base 3) to base 11
-101
-11 (base 8) to base 14
-9
Convert 0 (base 9) to base 4.
0
Convert 130 (base 6) to base 5.
204
Convert 2 (base 16) to base 7.
2
2 (base 6) to base 9
2
Convert 3 (base 13) to base 16.
3
1001010 (base 2) to base 9
82
Convert -11 (base 14) to base 15.
-10
What is -11 (base 4) in base 2?
-101
66 (base 9) to base 12
50
What is 14 (base 9) in base 11?
12
What is -3 (base 10) in base 8?
-3
What is -11 (base 14) in base 9?
-16
What is 27 (base 9) in base 10?
25
Convert -111 (base 2) to base 5.
-12
Convert -11 (base 4) to base 3.
-12
Convert -107 (base 8) to base 15.
-4b
Convert -10110 (base 3) to base 6.
-233
Convert -3 (base 7) to base 10.
-3
What is -22 (base 7) in base 10?
-16
Convert 13 (base 15) to base 9.
20
What is -5 (base 10) in base 15?
-5
What is 3a (base 12) in base 8?
56
0 (base 9) to base 13
0
3 (base 9) to base 3
10
Convert -49 (base 12) to base 5.
-212
What is 2201 (base 3) in base 11?
67
6 (base 10) to base 11
6
Convert 3 (base 10) to base 15.
3
What is 50 (base 6) in base 2?
11110
-3 (base 10) to base 6
-3
Convert -2022 (base 3) to base 9.
-68
12 (base 7) to base 9
10
Convert -3 (base 13) to base 4.
-3
What is -2 (base 4) in base 8?
-2
What is 1010 (base 2) in base 10?
10
Convert 1 (base 3) to base 13.
1
What is -5 (base 8) in base 15?
-5
6 (base 8) to base 14
6
What is -6 (base 13) in base 10?
-6
-1a (base 16) to base 3
-222
-6 (base 15) to base 6
-10
What is -2 (base 11) in base 13?
-2
What is 332 (base 4) in base 6?
142
What is 2 (base 3) in base 11?
2
33 (base 4) to base 14
11
6 (base 11) to base 8
6
What is -1 (base 12) in base 9?
-1
-86 (base 9) to base 3
-2220
-7 (base 16) to base 14
-7
What is -334 (base 10) in base 8?
-516
What is -7e (base 16) in base 15?
-86
424 (base 5) to base 4
1302
What is -260 (base 7) in base 12?
-b8
What is 6 (base 9) in base 16?
6
3 (base 8) to base 11
3
Convert 8 (base 9) to base 14.
8
Convert 7 (base 10) to base 2.
111
112 (base 4) to base 3
211
What is -13 (base 10) in base 9?
-14
-7 (base 11) to base 5
-12
What is -208 (base 9) in base 8?
-252
-5 (base 8) to base 6
-5
Convert 16 (base 14) to base 10.
20
Convert -63 (base 16) to base 11.
-90
What is 42 (base 5) in base 8?
26
Convert -67 (base 14) to base 15.
-61
-14 (base 12) to base 9
-17
Convert -a (base 11) to base 6.
-14
Convert -15 (base 7) to base 8.
-14
What is -3 (base 7) in base 10?
-3
What is -2 (base 14) in base 9?
-2
Convert -db (base 14) to base 5.
-1233
-6 (base 7) to base 8
-6
Convert 40 (base 6) to base 16.
18
Convert -48 (base 16) to base 12.
-60
Convert 3 (base 4) to base 14.
3
What is 65 (base 13) in base 9?
102
Convert 11 (base 9) to base 14.
a
a7 (base 11) to base 8
165
What is 25 (base 7) in base 9?
21
-22 (base 7) to base 5
-31
Convert -1 (base 14) to base 13.
-1
Convert -a (base 11) to base 5.
-20
What is -112 (base 6) in base 5?
-134
Convert -76 (base 8) to base 12.
-52
What is 5 (base 10) in base 8?
5
Convert 5 (base 15) to base 9.
5
Convert -eb (base 15) to base 8.
-335
Convert -3 (base 8) to base 11.
-3
Convert -61 (base 11) to base 12.
-57
Convert -34 (base 14) to base 4.
-232
What is 0 (base 15) in base 13?
0
-10 (base 6) to base 13
-6
Convert -41 (base 7) to base 16.
-1d
-16 (base 7) to base 5
-23
-26 (base 9) to base 4
-120
1 (base 14) to base 12
1
Convert 66 (base 10) to base 5.
231
1212 (base 4) to base 8
146
Convert -10111 (base 2) to base 11.
-21
-1d (base 15) to base 3
-1001
-14 (base 9) to base 8
-15
Convert 1b (base 12) to base 11.
21
Convert 3 (base 5) to base 10.
3
24 (base 7) to base 6
30
What is 204 (base 11) in base 3?
100010
10 (base 5) to base 11
5
Convert -15 (base 6) to base 11.
-10
Convert 1 (base 6) to base 12.
1
11 (base 8) to base 2
1001
-64 (base 7) to base 5
-141
22 (base 12) to base 5
101
Convert 2 (base 5) to base 6.
2
302 (base 4) to base 13
3b
What is 50 (base 12) in base 7?
114
What is -2 (base 4) in base 5?
-2
Convert 13 (base 4) to base 5.
12
What is -110 (base 2) in base 3?
-20
What is 251 (base 6) in base 9?
124
What is 8 (base 12) in base 10?
8
Convert 3 (base 15) to base 16.
3
What is 176 (base 8) in base 3?
11200
Convert -3 (base 16) to base 14.
-3
Convert -10100 (base 2) to base 15.
-15
3 (base 6) to base 5
3
What is -100 (base 3) in base 16?
-9
126 (base 9) to base 4
1221
Convert -13 (base 5) to base 2.
-1000
234 (base 9) to base 14
db
What is -119 (base 11) in base 15?
-96
What is 0 (base 2) in base 6?
0
What is 125 (base 10) in base 3?
11122
-2 (base 9) to b